on factor of s and t?
9
Suppose -6*g = -28 + 16. Suppose 0*c - 39 = -g*c + 3*d, 84 = 3*c + 4*d. What is the highest common divisor of c and 8?
8
Suppose u - 161 = 5*m, -48 = 2*u + 2*m - 394. Calculate the greatest common factor of 399 and u.
57
Suppose -3*z = 2*v - 1637, -2 = -34*z + 36*z. What is the greatest common divisor of v and 30?
10
Suppose 6*d = 6304 + 1142. Calculate the greatest common divisor of 73 and d.
73
Let j = 71 + -57. Let w(p) = -16*p - 2. Let g be w(-8). Calculate the greatest common factor of j and g.
14
Suppose 0 = -4*j - 206 + 42. Let v = -40 - j. Calculate the greatest common factor of v and 11.
1
Let z be (2/6)/((-2)/(-12)). Suppose -3*k = -7 - z. Let n be (-64)/(-30) + -2 + (-1074)/(-45). Calculate the greatest common divisor of k and n.
3
Suppose 4 = 2*r - 2*d, 5*r - 3*d - 11 = d. Let o = -21 + 23. Suppose -5*k + 49 = -2*x, -x - 22 = -o*k + x. What is the greatest common factor of r and k?
3
Let s be (12/9)/(2/147). Let i be (-231)/(-9) - 1148/(-492). What is the highest common divisor of s and i?
14
Suppose 0*q + 7 = q. Let l = q - 1. Let d be 16/l*1275/20. Calculate the greatest common divisor of d and 17.
17
Suppose 6*u + 28 = 8*u. Let v = -5 + 131. What is the highest common divisor of v and u?
14
Suppose 5 = r + 4. Let j be (-75)/(-18) - r/6. Let t be j/6 + (-133)/(-21). What is the highest common factor of 1 and t?
1
Let t be ((-1856)/(-10))/16*5. What is the greatest common divisor of 1711 and t?
29
Let j = -871 + 884. What is the greatest common divisor of 949 and j?
13
Suppose -4*j + 2032 = -584. Let p be 7/28 + j/8. Suppose 3*b - 2*w = p, -w + 43 = -0*b + 2*b. What is the greatest common divisor of 12 and b?
12
Let y be ((2646/(-4))/3)/((-12)/16). What is the highest common divisor of 686 and y?
98
Let q be (11 + (-15)/3)*2. Let v(g) = 3*g + 3. Let c be v(3). Calculate the highest common divisor of c and q.
12
Let u be (-20529)/(-15) + (266/(-35) - -7). Calculate the highest common factor of u and 72.
72
Let c(z) = z**2 + 3*z + 27. Let y be c(-8). Let x = y - 28. Calculate the greatest common divisor of x and 52.
13
Let d(t) = 2*t - 12. Let k be d(8). Let x be (-6)/((6/k)/(-3)). Suppose -9*c + 29 = 2. What is the highest common divisor of x and c?
3
Let r = -1 + 4. Let w = r - -2. Suppose 95 = -w*g + 10*g. Calculate the greatest common divisor of g and 209.
19
Suppose 6*l - 4*l - 6 = 0. Suppose l*v = 21 + 33. Calculate the highest common factor of v and 144.
18
Let g(w) be the first derivative of -w**3/3 + 7*w**2/2 + 2*w + 8. Let s be g(5). Calculate the greatest common divisor of s and 48.
12
Suppose 0 = -m - 2*s + 50, -20*m = -18*m - 2*s - 94. What is the greatest common divisor of 27 and m?
3
Let d = 200 - 297. Let y = -57 - d. Calculate the greatest common divisor of y and 30.
10
Let c = 73 - 52. Let i = 8393 + -8288. Calculate the highest common divisor of c and i.
21
Let w(m) = -2*m**2 + 33*m + 55. Let t be w(18). Let o be 33 + (t/3)/(1/(-3)). Let r be (-8)/(-6)*(2 + 1). What is the highest common factor of r and o?
4
Let f = 78 - 30. What is the greatest common factor of f and 108?
12
Let n(j) = 2*j**3 + 25*j**2 - 15*j - 16. Let u be n(-13). Let i = 4 + 21. Calculate the greatest common factor of u and i.
5
Let j be 4/6*(16 + -4). Let s = 26 - 18. Calculate the greatest common divisor of j and s.
8
Let x(n) = 18*n**2 + 39*n - 197. Let f be x(5). What is the greatest common factor of f and 128?
64
Let n = 10 + 32. Let r = n + 18. What is the greatest common divisor of 36 and r?
12
Let h(j) = -j**3 + 7*j**2 - j - 3. Let o be h(7). Let v be ((-12)/o)/((-6)/(-15)). Suppose -6 = -v*i + 27. What is the highest common factor of 44 and i?
11
Suppose 4*f - h = 22 + 1250, 3*h = -5*f + 1607. What is the highest common factor of f and 11?
11
Suppose -16*x - 93 = -19*x. Let u be (x - -1)*9/6. Calculate the highest common divisor of 32 and u.
16
Let z = 313 + -217. Let i = -46 + z. Suppose 0*p - 2*p + 3*l + 40 = 0, -5*p + l + 100 = 0. What is the greatest common factor of i and p?
10
Let v = 48 - -1. Let h = v - 19. Let s be 10/h - (-52)/6. Calculate the greatest common divisor of 72 and s.
9
Let i be (-396)/4*(-2)/6. Let b = i + -22. What is the greatest common divisor of 99 and b?
11
Suppose -q + 31 = -2*f, f - 82 = -5*q + 18. What is the highest common factor of 112 and q?
7
Let i be ((-297)/22 - -8)*-46. Calculate the highest common divisor of i and 77.
11
Suppose 8*o = 9*o - 264. Suppose -2*s + o = 4*s. What is the highest common divisor of 220 and s?
44
Let l = -27 + 29. Let p be (288/9)/(l/5). Calculate the highest common factor of p and 16.
16
Suppose -1 = -3*r + 5. Suppose -2*m = -3*c + 396, 271 = -0*c + r*c + m. Let h = -89 + c. What is the highest common factor of h and 30?
15
Let l(y) = 36*y - 477. Let z be l(26). Calculate the greatest common factor of z and 34.
17
Let p be 3 - -10 - -4 - 1. Let s = 29 + -17. Calculate the highest common divisor of p and s.
4
Let o be 90 + (2 - (8 + -9)). Calculate the greatest common divisor of 9 and o.
3
Suppose 4*q + 745 = 3*z, -5*z + 4*z - 3*q + 270 = 0. Calculate the greatest common divisor of z and 30.
15
Let j = -9 + 9. Suppose -4*h - 5*i - 50 = 0, 4*h - 2*i + 64 = -j*i. Let r be -1 - 5/(h/54). What is the greatest common divisor of r and 17?
17
Let z(y) = -6*y - 1. Let g be z(-1). Suppose 0 = 5*u + g*t - 70, 0*t - 43 = -3*u - 2*t. Suppose 4*c - u = -c. What is the highest common factor of c and 6?
3
Suppose -4*w - 2*r = -258, 2*w + 6*r - 262 = -2*w. What is the greatest common divisor of 3968 and w?
64
Let p = -260 + 350. Calculate the greatest common divisor of p and 135.
45
Let w be 5 - (-8 + 15) - -180. Calculate the greatest common divisor of w and 623.
89
Suppose -21*z + 14*z + 1617 = 0. What is the greatest common factor of z and 77?
77
Suppose 0 = -19*m + 24*m + 165. Let i = 45 + m. What is the highest common factor of i and 48?
12
Let t = 21 + -19. Let k be ((-3)/(-6)*t)/1. What is the greatest common divisor of k and 2?
1
Let z(j) = 9*j**2 - 2 - 2*j**3 + 10*j**2 - 1 - 23*j**2 - 4*j. Let g be z(-3). Calculate the highest common factor of 9 and g.
9
Let l(v) = -39*v + 1. Let u be l(4). Let f = u + 287. What is the highest common factor of f and 22?
22
Suppose 2*j - 30 = -j. Let z(l) = -l**3 - 4*l**2 - 3*l + 4. Let o be z(-3). What is the greatest common divisor of o and j?
2
Let v(r) = 2*r**3 + 4*r - 10. Let k be v(6). Suppose 5*l - 197 = -y, 0 = -5*y + l + k + 513. Calculate the greatest common factor of 24 and y.
24
Let v be ((-8)/(-10))/((-1)/(-55)). Suppose -3*f = 3*w + 3, -4 = 2*w + 2*f + f. Let k be (2*w)/(1/2). Calculate the greatest common divisor of v and k.
4
Let q = 0 - 4. Let f be (20/(-25))/(q/90). Calculate the highest common divisor of f and 2.
2
Let l(s) = -7*s - 10. Let m be l(-5). Suppose m = 5*n - 650. Let k be -25*(54/(-15) + 3). Calculate the highest common factor of n and k.
15
Suppose 0 = 2*a - f - 91, -6 = a - 3*f - 59. Suppose -a - 12 = -4*x. Calculate the highest common divisor of 56 and x.
14
Let i(z) = -2*z**2 - 2*z + 2. Let p be i(-2). Let g be (-2 + 1 - 0)*20. Let v be (g + -90)*(p + 1). What is the greatest common divisor of v and 44?
22
Let x = 908 - 874. Let b = 65 - 38. Let i = b - 10. What is the highest common factor of x and i?
17
Suppose -4*g - d + 422 + 150 = 0, 0 = g - 3*d - 130. Let y = -100 + g. What is the highest common divisor of y and 63?
21
Let d = 738 - 585. Calculate the greatest common factor of 204 and d.
51
Suppose 5*x - 74 = -2*o - o, 2*x - 52 = -2*o. What is the highest common factor of o and 126?
14
Let b(k) = 2*k**2 + 73*k - 40. Let s be b(-38). Calculate the greatest common factor of 370 and s.
74
Suppose -5*d + 4*u = 277 - 672, 4*d + u - 295 = 0. What is the greatest common factor of 20 and d?
5
Let l be 16/(-4) - (-102)/3. Let u be l/20*2*9. Calculate the highest common factor of u and 3.
3
Suppose 3*k = 3*f - 40 - 14, 4*k + 30 = 2*f. Calculate the greatest common divisor of f and 42.
21
Let d(v) = v**3 - 10*v**2 + 9*v + 20. Let l(j) = -j**3 - 3*j**2 + j - 2. Let k be l(-4). Let c be d(k). What is the highest common divisor of 10 and c?
10
Let f(q) = -q**2 + 7*q + 21. Suppose -8*a + 40 + 32 = 0. Let k be f(a). Calculate the highest common divisor of 6 and k.
3
Let s = 1827 + -1365. What is